{"id":2977,"date":"2021-10-21T22:42:19","date_gmt":"2021-10-21T22:42:19","guid":{"rendered":"http:\/\/diabetologie-dietzenbach.de\/?page_id=2977"},"modified":"2023-03-02T06:31:42","modified_gmt":"2023-03-02T06:31:42","slug":"datenschutzerklaerung","status":"publish","type":"page","link":"http:\/\/diabetologie-dietzenbach.de\/?page_id=2977","title":{"rendered":"Datenschutzerkl\u00e4rung"},"content":{"rendered":"<p>[vc_row][vc_column][vc_column_text]<\/p>\n\n\n<h2 class=\"wp-block-heading\">Gettungsbereich<\/h2>\n\n\n\n<p>Diese Datenschutzerkl\u00e4rung kl\u00e4rt Nutzer \u00fcber die Art, den Umfang und Zwecke der Erhebung und Verwendung personenbezogener Daten durch die Praxis f\u00fcr Diabetologie und Allgemeinmedizin auf.<br>Die rechtlichen Grundlagen des Datenschutzes finden sich in der EU-Datenschutz-Grundverordnung (EU-DSGV), im Bundesdatenschutzgesetz (BDSG) und dem Telemediengesetz (TMG).<\/p>\n\n\n\n<h2 class=\"wp-block-heading\">Verantwortliche Stelle im Sinne der EU-DSGV und des BDSG<\/h2>\n\n\n\n<p>Praxis f\u00fcr Diabetologie und Allgemeinmedizin<br>Shamsullah Omarkhel<br>Am Rathausplatz 6<br>63128 Dietzenbach<br>Tel.: 06074 \/ 26914<br>E-Mail: info@diabetologie-dietzenbach.de<\/p>\n\n\n\n<h2 class=\"wp-block-heading\">Umgang mit personenbezogenen Daten<\/h2>\n\n\n\n<p>Personenbezogene Daten sind Informationen, mit deren Hilfe eine Person bestimmbar ist, also Angaben, die zur\u00fcck zu einer Person verfolgt werden k\u00f6nnen. Dazu geh\u00f6ren z.B. der Name, die E-Mailadresse oder die Telefonnummer. Personenbezogene Daten werden von der verantwortlichen Stelle nur dann erhoben, genutzt und weiter gegeben, wenn dies gesetzlich erlaubt ist oder der Nutzer in die Datenerhebung eingewilligt hat.<br>Die Verantwortliche Stelle nimmt den Schutz ihrer personenbezogenen Daten sehr ernst und behandelt diese Daten vertraulich und entsprechend den gesetzlichen Vorschriften. Hierzu sind alle Mitarbeiter der verantwortlichen Stelle unter anderem auf das Datengeheimnis, welches auch die Verschwiegenheit nach \u00a7 203 StGB beinhaltet, verpflichtet. Weiterhin hat die verantwortliche Stelle umfangreiche technische und organisatorische Ma\u00dfnahmen zur Datensicherheit getroffen und passt diese regelm\u00e4\u00dfig den sich \u00e4ndernden Bedingungen an.<\/p>\n\n\n\n<h2 class=\"wp-block-heading\">Rechtsgrundlage der Verarbeitung<\/h2>\n\n\n\n<p>Nach Art. 6 I lit. b EU-DSGV ist die Verarbeitung personenbezogener Daten zur Erf\u00fcllung eines Vertrags, dessen Vertragspartei die betroffene Person ist, erforderlich.<br>Bei der Verantwortlichen Stelle ist dies f\u00fcr die Erbringung von Gesundheitsdienstleistungen notwendig. Gleiches gilt f\u00fcr die Durchf\u00fchrung vorvertraglicher Ma\u00dfnahmen wie etwa Terminanfragen oder Dienstleistungsanfragen.<br>Nach Art. 6 I lit. c EU-DSGV ist die Verarbeitung personenbezogener Daten zur Erf\u00fcllung einer rechtlichen Verpflichtung erforderlich, der der Verantwortliche unterliegt.<br>Hierunter fallen u.a. gesetzliche Dokumentationspflichten.<\/p>\n\n\n\n<h2 class=\"wp-block-heading\">Dauer, f\u00fcr die die personenbezogenen Daten gespeichert werden<\/h2>\n\n\n\n<p>Das Kriterium f\u00fcr die Dauer der Speicherung von personenbezogenen Daten ist die jeweilige gesetzliche Aufbewahrungsfrist. Nach Ablauf der Frist werden die entsprechenden Daten routinem\u00e4\u00dfig gel\u00f6scht, sofern sie nicht mehr zur Vertragserf\u00fcllung erforderlich sind.<\/p>\n\n\n\n<h2 class=\"wp-block-heading\">Daten\u00fcbermittlung<\/h2>\n\n\n\n<p>Eine Daten\u00fcbermittlung findet nur im Rahmen gesetzlicher Vorschriften statt.<br>Durch die Nutzung der Online-Termin-Funktion werden Ihre Angaben an die Doctena Germany GmbH \u00fcbermittelt und Verarbeitet.<br>Datenschutzerkl\u00e4rung von Doctena: Link<\/p>\n\n\n\n<h2 class=\"wp-block-heading\">Kontaktaufnahme<\/h2>\n\n\n\n<p>Bei der Kontaktaufnahme mit der Praxis (z.B. per Telefon, Kontaktformular oder E-Mail) werden die Angaben des Nutzers zwecks Bearbeitung der Anfrage sowie f\u00fcr die weitere Gesch\u00e4ftsabwicklung gespeichert.<br>Die Eingabe pers\u00f6nlicher oder gesch\u00e4ftlicher Daten (z.B. Emailadressen, Namen, Anschriften) im Kontaktformular erfolgt seitens des Nutzers auf ausdr\u00fccklich freiwilliger Basis.<\/p>\n\n\n\n<h2 class=\"wp-block-heading\">Kommentare<\/h2>\n\n\n\n<p>Wenn Nutzer Kommentare im Kontaktformular hinterlassen, werden ihre IP-Adressen gespeichert. Das erfolgt zur Sicherheit der Praxis, falls jemand in Kommentaren und Beitr\u00e4gen widerrechtliche Inhalte schreibt (Beleidigungen, verbotene politische Propaganda, etc.). In diesem Fall kann der Anbieter selbst f\u00fcr den Kommentar oder Beitrag belangt werden und ist daher an der Identit\u00e4t des Verfassers interessiert.<\/p>\n\n\n\n<h2 class=\"wp-block-heading\">Cookies<\/h2>\n\n\n\n<p><strong class=\"privacy-policy-tutorial\">Textvorschlag: <\/strong>Besucher-Kommentare k\u00f6nnten von einem automatisierten Dienst zur Spam-Erkennung untersucht Cookies sind kleine Dateien, die es erm\u00f6glichen, auf dem Zugriffsger\u00e4t der Nutzer (PC, Tabletts, Smartphone o.\u00e4.) spezifische, auf das Ger\u00e4t bezogene Informationen zu speichern. Sie dienen zum einem der Benutzerfreundlichkeit von Webseiten und damit den Nutzern (z.B. Speicherung von Login-Daten). Zum anderen dienen sie, um die statistischen Daten der Webseitennutzung zu erfassen und sie zwecks Verbesserung des Angebotes analysieren zu k\u00f6nnen. Die Nutzer k\u00f6nnen auf den Einsatz der Cookies Einfluss nehmen. Die meisten Browser verf\u00fcgen eine Option mit der das Speichern von Cookies eingeschr\u00e4nkt oder komplett verhindert wird. Allerdings wird darauf hingewiesen, dass die Nutzung und insbesondere der Nutzungskomfort ohne Cookies eingeschr\u00e4nkt werden.<\/p>\n\n\n\n<h2 class=\"wp-block-heading\">Google Analytics<\/h2>\n\n\n\n<p>Der Webseitenbetreiber nutzt Google Analytics, einen Webanalysedienst der Google Inc.(\u201eGoogle\u201c), CA 94043, 1600 Amphitheatre Parkway, Mountain View, USA, zum Zweck der bedarfsgerechten Gestaltung und Optimierung unserer Website.<br><\/p>\n\n\n\n<p>Google Analytics verwendet sog. \u201eCookies\u201c, die auf Ihrem Computer gespeichert werden. Durch den Einsatz der Cookies erfolgt eine Analyse der Benutzung der Website.<br>Die durch die Cookies erzeugten Informationen \u00fcber Ihre Benutzung dieser Website werden in der Regel an einen Server von Google in den USA \u00fcbertragen und dort gespeichert. Die Informationen, die Cookies erzeugen, sind:<\/p>\n\n\n\n<ul class=\"wp-block-list\"><li>Browser-Typ,<\/li><li>Betriebssystem,<\/li><li>die Website, von der aus der Zugriff erfolgte (Referrer-URL),<\/li><li>IP-Adresse,<\/li><li>Datum und Uhrzeit der Serveranfrage.<\/li><\/ul>\n\n\n\n<p>Diese Website verwendet Google Analytics mit der IP-Anonymisierungsfunktion (\u201eanonymizeIp\u201c). Dabei wird Ihre IP-Adresse von Google innerhalb der Mitgliedstaaten der Europ\u00e4ischen Union oder in anderen Vertragsstaaten des Abkommens \u00fcber den Europ\u00e4ischen Wirtschaftsraum zuvor gek\u00fcrzt. Nur in Ausnahmef\u00e4llen wird die volle IP-Adresse an einen Server von Google in den USA \u00fcbertragen und dort gek\u00fcrzt.<\/p>\n\n\n\n<p>Im Auftrag der Verantwortlichen Stelle wird Google diese Informationen benutzen, um Ihre Nutzung der Website auszuwerten, um Reports \u00fcber die Websiteaktivit\u00e4ten zusammenzustellen und um weitere mit der Websitenutzung verbundene Dienstleistungen zu Zwecken der Marktforschung und bedarfsgerechten Gestaltung gegen\u00fcber der Verantwortlichen Stelle zu erbringen. Die im Rahmen von Google Analytics von Ihrem Browser \u00fcbermittelte IP-Adresse wird nicht mit anderen Daten von Google zusammengef\u00fchrt.<\/p>\n\n\n\n<p>Sie k\u00f6nnen die Speicherung der Cookies durch eine entsprechende Einstellung Ihrer Browser-Software verhindern. Wir weisen Sie jedoch darauf hin, dass Sie in diesem Fall gegebenenfalls nicht s\u00e4mtliche Funktionen dieser Website vollumf\u00e4nglich nutzen k\u00f6nnen. Sie k\u00f6nnen dar\u00fcber hinaus die Erfassung, der durch den Cookie erzeugten und auf Ihre Nutzung der Website bezogenen Daten (inkl. Ihrer IP-Adresse) an Google sowie die Verarbeitung dieser Daten durch Google verhindern, indem Sie das unter dem folgenden Link https:\/\/tools.google.com\/dlpage\/gaoptout?hl=de verf\u00fcgbare Browser-Plug-in herunterladen und installieren.<\/p>\n\n\n\n<p>Sie k\u00f6nnen die Erfassung durch Google Analytics verhindern, indem Sie auf folgenden Link klicken. Es wird ein Opt-Out-Cookie gesetzt, das die zuk\u00fcnftige Erfassung Ihrer Daten beim Besuch dieser Webseite verhindert: Google Analytics deaktivieren<br>Die Nutzungsbedingungen und Hinweise zum Datenschutz finden Sie unter https:\/\/www.google.com\/analytics\/terms\/de.html bzw. unter https:\/\/www.google.de\/intl\/de\/policies\/.<\/p>\n\n\n\n<h2 class=\"wp-block-heading\">Google Maps<\/h2>\n\n\n\n<p>Diese Webseite verwendet das Produkt Google Maps von Google Inc. Durch Nutzung dieser Webseite erkl\u00e4ren Sie sich mit der Erfassung, Bearbeitung sowie Nutzung der automatisiert erhobenen Daten durch Google Inc, deren Vertreter sowie Dritter einverstanden.<br>Die Nutzungsbedingungen von Google Maps finden sie unter dem Link: https:\/\/www.google.com\/intl\/dede\/help\/termsmaps.html<\/p>\n\n\n\n<h2 class=\"wp-block-heading\">Rechte der betroffenen Person (im folgenden Nutzer genannt)<\/h2>\n\n\n\n<p>Der Nutzer hat das Recht auf:<\/p>\n\n\n\n<ul class=\"wp-block-list\"><li>Auskunft<br>Der Nutzer kann auf Antrag, im Rahmen der EU-DSGV und des BDSG, bei der verantwortlichen Stelle Auskunft \u00fcber seine gespeicherten personenbezogenen Daten bekommen.<\/li><li>Berichtigung<br>Der Nutzer kann die unverz\u00fcgliche Berichtigung seiner gespeicherten personenbezogenen Daten verlangen, wenn diese unrichtig oder unvollst\u00e4ndig sind.<\/li><li>L\u00f6schung<br>Der Nutzer kann von der Verantwortlichen Stelle verlangen, dass diese die den Nutzer betreffenden personenbezogenen Daten unverz\u00fcglich l\u00f6scht wenn die Verarbeitung nicht mehr erforderlich ist und keine gesetzlichen Regelungen diesem Verlangen entgegenstehen. Sollte es Gr\u00fcnde gegen eine L\u00f6schung geben, so kann stattdessen meist die Einschr\u00e4nkung der Verarbeitung vorgenommen werden.<\/li><li>Einschr\u00e4nkung der Verarbeitung<br>Der Nutzer kann die Einschr\u00e4nkung der Verarbeitung seiner gespeicherten personenbezogenen Daten verlangen, wenn keine rechtlichen Belange diesem Anliegen entgegenstehen. In diesem Fall bleiben die Daten bei der verantwortlichen Stelle zwar gespeichert, werden aber nicht mehr verarbeitet.<\/li><li>Daten\u00fcbertragbarkeit<br>Der Nutzer hat das Recht die Ihn betreffenden personenbezogenen Daten, welche durch Ihn einem Verantwortlichen bereitgestellt wurden, in einem strukturierten, g\u00e4ngigen und maschinenlesbaren Format zu erhalten. Der Nutzer hat au\u00dferdem das Recht, im Rahmen der EU-DSGV und des BDSG, zu verlangen, dass die personenbezogenen Daten direkt von der verantwortlichen Stelle an einen anderen Verantwortlichen \u00fcbermittelt werden.<br>Um seine Rechte als Nutzer wahrzunehmen, wendet sich dieser an einen Mitarbeiter der verantwortlichen Stelle.<\/li><\/ul>\n\n\n\n<h2 class=\"wp-block-heading\">Fragen zum Datenschutz<\/h2>\n\n\n\n<p>Wenn Sie Fragen zum Datenschutz haben, wenden Sie sich bitte an<\/p>\n\n\n\n<p>Praxis f\u00fcr Diabetologie und Allgemeinmedizin<br>Shamsullah Omarkhel<br>Am Rathausplatz 6<br>63128 Dietzenbach<br>Tel.: 06074 \/ 26914<br>E-Mail: info@diabetologie-dietzenbach.de<\/p>\n\n\n\n<h2 class=\"wp-block-heading\">Zust\u00e4ndige Aufsichtsbeh\u00f6rde<\/h2>\n\n\n\n<p>Der Hessische Beauftragte f\u00fcr Datenschutz und Informationsfreiheit<br>Adresse: Gustav-Stresemann-Ring 1, 2. Obergeschoss, 65189 Wiesbaden<br>Postanschrift: Postfach 3163, 65021 Wiesbaden<br>Tel.: +49 611 1408 &#8211; 0<br>Fax: +49 611 1408 &#8211; 900 \/ 901<\/p>\n\n\n\n<h2 class=\"wp-block-heading\">\u00c4nderung unserer Datenschutzbestimmungen<\/h2>\n\n\n\n<p>Wir behalten uns vor, diese Datenschutzerkl\u00e4rung stets den aktuellen rechtlichen Anforderungen anzupassen. F\u00fcr Ihren erneuten Besuch gilt dann die neue Datenschutzerkl\u00e4rung als verbindlich.<\/p>\n\n\n<p>[\/vc_column_text][\/vc_column][\/vc_row]<\/p>","protected":false},"excerpt":{"rendered":"<p>[vc_row][vc_column][vc_column_text] Gettungsbereich Diese Datenschutzerkl\u00e4rung kl\u00e4rt Nutzer \u00fcber die Art, den Umfang und Zwecke der Erhebung und Verwendung personenbezogener Daten durch die Praxis f\u00fcr Diabetologie und Allgemeinmedizin auf.Die rechtlichen Grundlagen des Datenschutzes finden sich in der EU-Datenschutz-Grundverordnung (EU-DSGV), im Bundesdatenschutzgesetz (BDSG) und dem Telemediengesetz (TMG). Verantwortliche Stelle im Sinne der EU-DSGV und des BDSG Praxis f\u00fcr Diabetologie und AllgemeinmedizinShamsullah OmarkhelAm Rathausplatz 663128 DietzenbachTel.: 06074 \/ 26914E-Mail: info@diabetologie-dietzenbach.de Umgang mit personenbezogenen Daten Personenbezogene Daten sind Informationen, mit deren Hilfe eine Person bestimmbar ist, also Angaben, die zur\u00fcck zu einer Person verfolgt werden k\u00f6nnen. Dazu geh\u00f6ren z.B. der Name, die E-Mailadresse oder die Telefonnummer. Personenbezogene Daten werden von der verantwortlichen Stelle nur dann erhoben, genutzt und weiter gegeben, wenn dies gesetzlich erlaubt ist oder der Nutzer in die Datenerhebung eingewilligt hat.Die Verantwortliche Stelle nimmt den Schutz ihrer personenbezogenen Daten sehr ernst und behandelt diese Daten vertraulich und entsprechend den gesetzlichen Vorschriften. Hierzu sind alle Mitarbeiter der verantwortlichen Stelle unter anderem auf das Datengeheimnis, welches auch die Verschwiegenheit nach \u00a7 203 StGB beinhaltet, verpflichtet. Weiterhin hat die verantwortliche Stelle umfangreiche technische und organisatorische Ma\u00dfnahmen zur Datensicherheit getroffen und passt diese regelm\u00e4\u00dfig den sich \u00e4ndernden Bedingungen an. Rechtsgrundlage der Verarbeitung Nach Art. 6 I lit. b EU-DSGV ist die Verarbeitung personenbezogener Daten zur Erf\u00fcllung eines Vertrags, dessen Vertragspartei die betroffene Person ist, erforderlich.Bei der Verantwortlichen Stelle ist dies f\u00fcr die Erbringung von Gesundheitsdienstleistungen notwendig. Gleiches gilt f\u00fcr die Durchf\u00fchrung vorvertraglicher Ma\u00dfnahmen wie etwa Terminanfragen oder Dienstleistungsanfragen.Nach Art. 6 I lit. c EU-DSGV ist die Verarbeitung personenbezogener Daten zur Erf\u00fcllung einer rechtlichen Verpflichtung erforderlich, der der Verantwortliche unterliegt.Hierunter fallen u.a. gesetzliche Dokumentationspflichten. Dauer, f\u00fcr die die personenbezogenen Daten gespeichert werden Das Kriterium f\u00fcr die Dauer der Speicherung von personenbezogenen Daten ist die jeweilige gesetzliche Aufbewahrungsfrist. Nach Ablauf der Frist werden die entsprechenden Daten routinem\u00e4\u00dfig gel\u00f6scht, sofern sie nicht mehr zur Vertragserf\u00fcllung erforderlich sind. Daten\u00fcbermittlung Eine Daten\u00fcbermittlung findet nur im Rahmen gesetzlicher Vorschriften statt.Durch die Nutzung der Online-Termin-Funktion werden Ihre Angaben an die Doctena Germany GmbH \u00fcbermittelt und Verarbeitet.Datenschutzerkl\u00e4rung von Doctena: Link Kontaktaufnahme Bei der Kontaktaufnahme mit der Praxis (z.B. per Telefon, Kontaktformular oder E-Mail) werden die [&hellip;]<\/p>\n","protected":false},"author":1,"featured_media":0,"parent":0,"menu_order":0,"comment_status":"closed","ping_status":"closed","template":"","meta":{"footnotes":""},"class_list":["post-2977","page","type-page","status-publish","hentry"],"_links":{"self":[{"href":"http:\/\/diabetologie-dietzenbach.de\/index.php?rest_route=\/wp\/v2\/pages\/2977","targetHints":{"allow":["GET"]}}],"collection":[{"href":"http:\/\/diabetologie-dietzenbach.de\/index.php?rest_route=\/wp\/v2\/pages"}],"about":[{"href":"http:\/\/diabetologie-dietzenbach.de\/index.php?rest_route=\/wp\/v2\/types\/page"}],"author":[{"embeddable":true,"href":"http:\/\/diabetologie-dietzenbach.de\/index.php?rest_route=\/wp\/v2\/users\/1"}],"replies":[{"embeddable":true,"href":"http:\/\/diabetologie-dietzenbach.de\/index.php?rest_route=%2Fwp%2Fv2%2Fcomments&post=2977"}],"version-history":[{"count":3,"href":"http:\/\/diabetologie-dietzenbach.de\/index.php?rest_route=\/wp\/v2\/pages\/2977\/revisions"}],"predecessor-version":[{"id":3012,"href":"http:\/\/diabetologie-dietzenbach.de\/index.php?rest_route=\/wp\/v2\/pages\/2977\/revisions\/3012"}],"wp:attachment":[{"href":"http:\/\/diabetologie-dietzenbach.de\/index.php?rest_route=%2Fwp%2Fv2%2Fmedia&parent=2977"}],"curies":[{"name":"wp","href":"https:\/\/api.w.org\/{rel}","templated":true}]}}